{"id":83,"date":"2026-04-10T06:46:09","date_gmt":"2026-04-10T06:46:09","guid":{"rendered":"https:\/\/acheter-diplomes.org\/?page_id=83"},"modified":"2026-04-10T06:46:11","modified_gmt":"2026-04-10T06:46:11","slug":"faux-diplome-baccalaureat","status":"publish","type":"page","link":"https:\/\/acheter-diplomes.org\/index.php\/faux-diplome-baccalaureat\/","title":{"rendered":"Faux dipl\u00f4me baccalaur\u00e9at"},"content":{"rendered":"\n<p>Le baccalaur\u00e9at fran\u00e7ais est un dipl\u00f4me national sanctionnant la fin des \u00e9tudes secondaires (lyc\u00e9e) et ouvrant l\u2019acc\u00e8s \u00e0 l\u2019enseignement sup\u00e9rieur. Il se d\u00e9cline en trois fili\u00e8res : g\u00e9n\u00e9rale, technologique et professionnelle. Depuis la r\u00e9forme de 2018-2021, il combine contr\u00f4le continu (40 %) et \u00e9preuves finales (60 %), incluant un Grand oral, des sp\u00e9cialit\u00e9s et la philosophie.<br>-Acheter faux baccalaur\u00e9at<br>-Acheter bac g\u00e9n\u00e9ral<br>-acheter ancien baccalaur\u00e9at g\u00e9n\u00e9ral<\/p>\n\n\n\n<figure class=\"wp-block-image size-large\"><img loading=\"lazy\" decoding=\"async\" width=\"1024\" height=\"742\" src=\"https:\/\/acheter-diplomes.org\/wp-content\/uploads\/2026\/04\/IMG_2946-1024x742.jpeg\" alt=\"\" class=\"wp-image-84\" srcset=\"https:\/\/acheter-diplomes.org\/wp-content\/uploads\/2026\/04\/IMG_2946-1024x742.jpeg 1024w, https:\/\/acheter-diplomes.org\/wp-content\/uploads\/2026\/04\/IMG_2946-300x218.jpeg 300w, https:\/\/acheter-diplomes.org\/wp-content\/uploads\/2026\/04\/IMG_2946-768x557.jpeg 768w, https:\/\/acheter-diplomes.org\/wp-content\/uploads\/2026\/04\/IMG_2946.jpeg 1280w\" sizes=\"auto, (max-width: 1024px) 100vw, 1024px\" \/><\/figure>\n","protected":false},"excerpt":{"rendered":"<p>Le baccalaur\u00e9at fran\u00e7ais est un dipl\u00f4me national sanctionnant la fin des \u00e9tudes secondaires (lyc\u00e9e) et ouvrant l\u2019acc\u00e8s \u00e0 l\u2019enseignement sup\u00e9rieur. Il se d\u00e9cline en trois fili\u00e8res : g\u00e9n\u00e9rale, technologique et professionnelle. Depuis la r\u00e9forme de 2018-2021, il combine contr\u00f4le continu (40 %) et \u00e9preuves finales (60 %), incluant un Grand oral, des sp\u00e9cialit\u00e9s et la [&hellip;]<\/p>\n","protected":false},"author":1,"featured_media":0,"parent":0,"menu_order":0,"comment_status":"closed","ping_status":"closed","template":"","meta":{"footnotes":""},"class_list":["post-83","page","type-page","status-publish","hentry"],"_links":{"self":[{"href":"https:\/\/acheter-diplomes.org\/index.php\/wp-json\/wp\/v2\/pages\/83","targetHints":{"allow":["GET"]}}],"collection":[{"href":"https:\/\/acheter-diplomes.org\/index.php\/wp-json\/wp\/v2\/pages"}],"about":[{"href":"https:\/\/acheter-diplomes.org\/index.php\/wp-json\/wp\/v2\/types\/page"}],"author":[{"embeddable":true,"href":"https:\/\/acheter-diplomes.org\/index.php\/wp-json\/wp\/v2\/users\/1"}],"replies":[{"embeddable":true,"href":"https:\/\/acheter-diplomes.org\/index.php\/wp-json\/wp\/v2\/comments?post=83"}],"version-history":[{"count":1,"href":"https:\/\/acheter-diplomes.org\/index.php\/wp-json\/wp\/v2\/pages\/83\/revisions"}],"predecessor-version":[{"id":85,"href":"https:\/\/acheter-diplomes.org\/index.php\/wp-json\/wp\/v2\/pages\/83\/revisions\/85"}],"wp:attachment":[{"href":"https:\/\/acheter-diplomes.org\/index.php\/wp-json\/wp\/v2\/media?parent=83"}],"curies":[{"name":"wp","href":"https:\/\/api.w.org\/{rel}","templated":true}]}}