{"id":80,"date":"2026-04-10T06:43:59","date_gmt":"2026-04-10T06:43:59","guid":{"rendered":"https:\/\/acheter-diplomes.org\/?page_id=80"},"modified":"2026-04-10T06:44:02","modified_gmt":"2026-04-10T06:44:02","slug":"acheter-baccalaureat-professionnel","status":"publish","type":"page","link":"https:\/\/acheter-diplomes.org\/index.php\/acheter-baccalaureat-professionnel\/","title":{"rendered":"Acheter baccalaur\u00e9at professionnel"},"content":{"rendered":"\n<p>Le baccalaur\u00e9at professionnel est une des trois fili\u00e8res du baccalaur\u00e9at en France. Il est mis en place par la loi programme du 23 d\u00e9cembre 1985 sur l\u2019enseignement technologique et professionnel.<\/p>\n\n\n\n<ul class=\"wp-block-list\">\n<li>acheter baccalaur\u00e9at professionnel<\/li>\n\n\n\n<li>\u2060acheter faux bac professionnel<\/li>\n\n\n\n<li>\u2060faux baccalaur\u00e9at professionnel<\/li>\n\n\n\n<li>\u2060acheter un vrai faux baccalaur\u00e9at professionnel<\/li>\n\n\n\n<li>acheter faux bac professionnel<\/li>\n\n\n\n<li><\/li>\n\n\n\n<li><\/li>\n<\/ul>\n\n\n\n<figure class=\"wp-block-gallery has-nested-images columns-default is-cropped wp-block-gallery-1 is-layout-flex wp-block-gallery-is-layout-flex\">\n<figure class=\"wp-block-image size-large\"><img loading=\"lazy\" decoding=\"async\" width=\"876\" height=\"657\" data-id=\"81\" src=\"https:\/\/acheter-diplomes.org\/wp-content\/uploads\/2026\/04\/IMG_2947.jpeg\" alt=\"\" class=\"wp-image-81\" srcset=\"https:\/\/acheter-diplomes.org\/wp-content\/uploads\/2026\/04\/IMG_2947.jpeg 876w, https:\/\/acheter-diplomes.org\/wp-content\/uploads\/2026\/04\/IMG_2947-300x225.jpeg 300w, https:\/\/acheter-diplomes.org\/wp-content\/uploads\/2026\/04\/IMG_2947-768x576.jpeg 768w\" sizes=\"auto, (max-width: 876px) 100vw, 876px\" \/><\/figure>\n<\/figure>\n","protected":false},"excerpt":{"rendered":"<p>Le baccalaur\u00e9at professionnel est une des trois fili\u00e8res du baccalaur\u00e9at en France. Il est mis en place par la loi programme du 23 d\u00e9cembre 1985 sur l\u2019enseignement technologique et professionnel.<\/p>\n","protected":false},"author":1,"featured_media":0,"parent":0,"menu_order":0,"comment_status":"closed","ping_status":"closed","template":"","meta":{"footnotes":""},"class_list":["post-80","page","type-page","status-publish","hentry"],"_links":{"self":[{"href":"https:\/\/acheter-diplomes.org\/index.php\/wp-json\/wp\/v2\/pages\/80","targetHints":{"allow":["GET"]}}],"collection":[{"href":"https:\/\/acheter-diplomes.org\/index.php\/wp-json\/wp\/v2\/pages"}],"about":[{"href":"https:\/\/acheter-diplomes.org\/index.php\/wp-json\/wp\/v2\/types\/page"}],"author":[{"embeddable":true,"href":"https:\/\/acheter-diplomes.org\/index.php\/wp-json\/wp\/v2\/users\/1"}],"replies":[{"embeddable":true,"href":"https:\/\/acheter-diplomes.org\/index.php\/wp-json\/wp\/v2\/comments?post=80"}],"version-history":[{"count":1,"href":"https:\/\/acheter-diplomes.org\/index.php\/wp-json\/wp\/v2\/pages\/80\/revisions"}],"predecessor-version":[{"id":82,"href":"https:\/\/acheter-diplomes.org\/index.php\/wp-json\/wp\/v2\/pages\/80\/revisions\/82"}],"wp:attachment":[{"href":"https:\/\/acheter-diplomes.org\/index.php\/wp-json\/wp\/v2\/media?parent=80"}],"curies":[{"name":"wp","href":"https:\/\/api.w.org\/{rel}","templated":true}]}}