{"id":75,"date":"2026-04-10T06:38:32","date_gmt":"2026-04-10T06:38:32","guid":{"rendered":"https:\/\/acheter-diplomes.org\/?page_id=75"},"modified":"2026-04-10T06:38:34","modified_gmt":"2026-04-10T06:38:34","slug":"acheter-le-diplome","status":"publish","type":"page","link":"https:\/\/acheter-diplomes.org\/index.php\/acheter-le-diplome\/","title":{"rendered":"Acheter le dipl\u00f4me"},"content":{"rendered":"\n<p>V\u00e9rifiez vos dipl\u00f4mes sur le site gouvernemental avant d\u2019acheter.nous proposons des dipl\u00f4mes authentiques et v\u00e9rifiables n\u2019achetez plus des faux dipl\u00f4mes imprim\u00e9s en ligne commandez vos dipl\u00f4mes chez nous v\u00e9rifiables sur le site officiel avant tout paiement ne vous laissez plus avoir<br><\/p>\n","protected":false},"excerpt":{"rendered":"<p>V\u00e9rifiez vos dipl\u00f4mes sur le site gouvernemental avant d\u2019acheter.nous proposons des dipl\u00f4mes authentiques et v\u00e9rifiables n\u2019achetez plus des faux dipl\u00f4mes imprim\u00e9s en ligne commandez vos dipl\u00f4mes chez nous v\u00e9rifiables sur le site officiel avant tout paiement ne vous laissez plus avoir<\/p>\n","protected":false},"author":1,"featured_media":0,"parent":0,"menu_order":0,"comment_status":"closed","ping_status":"closed","template":"","meta":{"footnotes":""},"class_list":["post-75","page","type-page","status-publish","hentry"],"_links":{"self":[{"href":"https:\/\/acheter-diplomes.org\/index.php\/wp-json\/wp\/v2\/pages\/75","targetHints":{"allow":["GET"]}}],"collection":[{"href":"https:\/\/acheter-diplomes.org\/index.php\/wp-json\/wp\/v2\/pages"}],"about":[{"href":"https:\/\/acheter-diplomes.org\/index.php\/wp-json\/wp\/v2\/types\/page"}],"author":[{"embeddable":true,"href":"https:\/\/acheter-diplomes.org\/index.php\/wp-json\/wp\/v2\/users\/1"}],"replies":[{"embeddable":true,"href":"https:\/\/acheter-diplomes.org\/index.php\/wp-json\/wp\/v2\/comments?post=75"}],"version-history":[{"count":1,"href":"https:\/\/acheter-diplomes.org\/index.php\/wp-json\/wp\/v2\/pages\/75\/revisions"}],"predecessor-version":[{"id":76,"href":"https:\/\/acheter-diplomes.org\/index.php\/wp-json\/wp\/v2\/pages\/75\/revisions\/76"}],"wp:attachment":[{"href":"https:\/\/acheter-diplomes.org\/index.php\/wp-json\/wp\/v2\/media?parent=75"}],"curies":[{"name":"wp","href":"https:\/\/api.w.org\/{rel}","templated":true}]}}