{"id":68,"date":"2026-03-29T22:11:17","date_gmt":"2026-03-29T22:11:17","guid":{"rendered":"https:\/\/acheter-diplomes.org\/?page_id=68"},"modified":"2026-03-29T22:11:18","modified_gmt":"2026-03-29T22:11:18","slug":"faux-bac","status":"publish","type":"page","link":"https:\/\/acheter-diplomes.org\/index.php\/faux-bac\/","title":{"rendered":"Faux bac"},"content":{"rendered":"\n<p>Le Baccalaur\u00e9at g\u00e9n\u00e9ral est un dipl\u00f4me crucial ax\u00e9 sur des enseignements th\u00e9oriques et la culture g\u00e9n\u00e9rale, pr\u00e9parant aux \u00e9tudes sup\u00e9rieures. Il repose sur un tronc commun et des sp\u00e9cialit\u00e9s (choisies en 1\u00e8re\/Terminale), avec des \u00e9preuves finales (60%) et un contr\u00f4le continu (40%), incluant le Grand Oral.<\/p>\n\n\n\n<p>-acheter faux baccalaur\u00e9at<br>-faux dipl\u00f4me bac<br>-acheter bac g\u00e9n\u00e9ral<br>-acheter faux baccalaur\u00e9at g\u00e9n\u00e9ral<\/p>\n\n\n\n<figure class=\"wp-block-image size-large\"><img loading=\"lazy\" decoding=\"async\" width=\"1024\" height=\"742\" src=\"https:\/\/acheter-diplomes.org\/wp-content\/uploads\/2026\/03\/IMG_2946-1-1024x742.jpeg\" alt=\"\" class=\"wp-image-69\" srcset=\"https:\/\/acheter-diplomes.org\/wp-content\/uploads\/2026\/03\/IMG_2946-1-1024x742.jpeg 1024w, https:\/\/acheter-diplomes.org\/wp-content\/uploads\/2026\/03\/IMG_2946-1-300x218.jpeg 300w, https:\/\/acheter-diplomes.org\/wp-content\/uploads\/2026\/03\/IMG_2946-1-768x557.jpeg 768w, https:\/\/acheter-diplomes.org\/wp-content\/uploads\/2026\/03\/IMG_2946-1.jpeg 1280w\" sizes=\"auto, (max-width: 1024px) 100vw, 1024px\" \/><\/figure>\n","protected":false},"excerpt":{"rendered":"<p>Le Baccalaur\u00e9at g\u00e9n\u00e9ral est un dipl\u00f4me crucial ax\u00e9 sur des enseignements th\u00e9oriques et la culture g\u00e9n\u00e9rale, pr\u00e9parant aux \u00e9tudes sup\u00e9rieures. Il repose sur un tronc commun et des sp\u00e9cialit\u00e9s (choisies en 1\u00e8re\/Terminale), avec des \u00e9preuves finales (60%) et un contr\u00f4le continu (40%), incluant le Grand Oral. -acheter faux baccalaur\u00e9at-faux dipl\u00f4me bac-acheter bac g\u00e9n\u00e9ral-acheter faux baccalaur\u00e9at [&hellip;]<\/p>\n","protected":false},"author":1,"featured_media":0,"parent":0,"menu_order":0,"comment_status":"closed","ping_status":"closed","template":"","meta":{"footnotes":""},"class_list":["post-68","page","type-page","status-publish","hentry"],"_links":{"self":[{"href":"https:\/\/acheter-diplomes.org\/index.php\/wp-json\/wp\/v2\/pages\/68","targetHints":{"allow":["GET"]}}],"collection":[{"href":"https:\/\/acheter-diplomes.org\/index.php\/wp-json\/wp\/v2\/pages"}],"about":[{"href":"https:\/\/acheter-diplomes.org\/index.php\/wp-json\/wp\/v2\/types\/page"}],"author":[{"embeddable":true,"href":"https:\/\/acheter-diplomes.org\/index.php\/wp-json\/wp\/v2\/users\/1"}],"replies":[{"embeddable":true,"href":"https:\/\/acheter-diplomes.org\/index.php\/wp-json\/wp\/v2\/comments?post=68"}],"version-history":[{"count":1,"href":"https:\/\/acheter-diplomes.org\/index.php\/wp-json\/wp\/v2\/pages\/68\/revisions"}],"predecessor-version":[{"id":70,"href":"https:\/\/acheter-diplomes.org\/index.php\/wp-json\/wp\/v2\/pages\/68\/revisions\/70"}],"wp:attachment":[{"href":"https:\/\/acheter-diplomes.org\/index.php\/wp-json\/wp\/v2\/media?parent=68"}],"curies":[{"name":"wp","href":"https:\/\/api.w.org\/{rel}","templated":true}]}}