{"id":18,"date":"2026-03-18T20:03:30","date_gmt":"2026-03-18T20:03:30","guid":{"rendered":"https:\/\/acheter-diplomes.org\/?page_id=18"},"modified":"2026-03-23T09:41:06","modified_gmt":"2026-03-23T09:41:06","slug":"acheter-un-diplome-en-ligne","status":"publish","type":"page","link":"https:\/\/acheter-diplomes.org\/index.php\/acheter-un-diplome-en-ligne\/","title":{"rendered":"Acheter un dipl\u00f4me en ligne"},"content":{"rendered":"\n<p>acheter diplome en ligne<br>acheter diplome<br>acheter diplome vierge<br>diplome acheter<br>acheter certificat cadeau en ligne<br>acheter diplome cap<br>acheterdiplomeenligne com avis<br>acheter diplome sur internet<br>acheter des formations en ligne<br>acheter diplome bts<br>ou acheter un diplome<br>ou acheter un dipl\u00f4me<br>obtenir diplome en ligne<br>diplome.en ligne<br>acheter mon dipl\u00f4me sur internet<br>faux dipl\u00f4me en ligne humour<br>acheter dipl\u00f4me<br>acheter un diplome francais<br>acheter diplome b1<br>acheter diplome a2<\/p>\n\n\n\n<div class=\"wp-block-group alignfull has-global-padding is-layout-constrained wp-container-core-group-is-layout-0c9c989a wp-block-group-is-layout-constrained\" style=\"min-height:0vh;margin-top:0;margin-bottom:0;padding-top:var(--wp--preset--spacing--70);padding-right:var(--wp--preset--spacing--40);padding-bottom:var(--wp--preset--spacing--70);padding-left:var(--wp--preset--spacing--40)\">\n<div class=\"wp-block-group has-global-padding is-layout-constrained wp-container-core-group-is-layout-346627ba wp-block-group-is-layout-constrained\">\n<p class=\"has-text-align-center\">6000 diff\u00e9rentes sortes de dipl\u00f4mes en France et \u00e0 l&rsquo;\u00e9tranger : Certificat de travail, bulletin de notes, carte \u00e9tudiant Obtention du baccalaur\u00e9at (g\u00e9n\u00e9ral, technologique, professionnel) BTS et DUT Baccalaur\u00e9at, Ma\u00eetrise, Doctorat Titre d&rsquo;infirmier, d&rsquo;aide-soignant ou d&rsquo;\u00e9ducateur sp\u00e9cialis\u00e9Certification professionnelle et dipl\u00f4me RNCP<\/p>\n\n\n\n<div class=\"wp-block-buttons is-content-justification-center is-layout-flex wp-container-core-buttons-is-layout-a89b3969 wp-block-buttons-is-layout-flex\">\n<div class=\"wp-block-button\"><a class=\"wp-block-button__link wp-element-button\">Acheter-diplomes.org<\/a><\/div>\n<\/div>\n<\/div>\n<\/div>\n\n\n\n<div class=\"wp-block-group alignfull is-style-section-1 has-global-padding is-layout-constrained wp-block-group-is-layout-constrained is-style-section-1--1\" style=\"margin-top:0;margin-bottom:0;padding-top:var(--wp--preset--spacing--80);padding-bottom:var(--wp--preset--spacing--80)\">\n<div class=\"wp-block-columns alignwide is-layout-flex wp-container-core-columns-is-layout-66fad18a wp-block-columns-is-layout-flex\">\n<div class=\"wp-block-column is-layout-flow wp-block-column-is-layout-flow\" style=\"padding-right:var(--wp--preset--spacing--50);flex-basis:45%\">\n<figure class=\"wp-block-gallery has-nested-images columns-default is-cropped wp-block-gallery-2 is-layout-flex wp-block-gallery-is-layout-flex\">\n<figure class=\"wp-block-image size-full\"><img loading=\"lazy\" decoding=\"async\" width=\"588\" height=\"411\" data-id=\"19\" src=\"https:\/\/acheter-diplomes.org\/wp-content\/uploads\/2026\/03\/IMG_2877-1.jpeg\" alt=\"\" class=\"wp-image-19\" srcset=\"https:\/\/acheter-diplomes.org\/wp-content\/uploads\/2026\/03\/IMG_2877-1.jpeg 588w, https:\/\/acheter-diplomes.org\/wp-content\/uploads\/2026\/03\/IMG_2877-1-300x210.jpeg 300w\" sizes=\"auto, (max-width: 588px) 100vw, 588px\" \/><\/figure>\n<\/figure>\n\n\n\n<div class=\"wp-block-group has-global-padding is-layout-constrained wp-block-group-is-layout-constrained\" style=\"margin-top:-12vw\">\n<figure class=\"wp-block-image alignright size-full is-resized\" style=\"margin-right:-5vw;margin-left:-5vw\"><img loading=\"lazy\" decoding=\"async\" width=\"500\" height=\"354\" src=\"https:\/\/acheter-diplomes.org\/wp-content\/uploads\/2026\/03\/IMG_2875-2.webp\" alt=\"\" class=\"wp-image-20\" style=\"width:202px\" srcset=\"https:\/\/acheter-diplomes.org\/wp-content\/uploads\/2026\/03\/IMG_2875-2.webp 500w, https:\/\/acheter-diplomes.org\/wp-content\/uploads\/2026\/03\/IMG_2875-2-300x212.webp 300w\" sizes=\"auto, (max-width: 500px) 100vw, 500px\" \/><\/figure>\n<\/div>\n<\/div>\n\n\n\n<div class=\"wp-block-column is-vertically-aligned-center is-layout-flow wp-block-column-is-layout-flow\" style=\"padding-right:0;padding-left:0;flex-basis:50%\">\n<div class=\"wp-block-group is-vertical is-layout-flex wp-container-core-group-is-layout-fe9cc265 wp-block-group-is-layout-flex\">\n<h2 class=\"wp-block-heading is-style-text-annotation is-style-text-annotation--3\">\u00c0 propos<\/h2>\n<\/div>\n\n\n\n<p class=\"is-style-text-subtitle is-style-text-subtitle--4\">Comment fonctionne l&rsquo;achat d&rsquo;un faux dipl\u00f4me en ligne ? Il est facile et rapide d&rsquo;acheter un faux dipl\u00f4me en ligne via notre plateforme : Optez pour votre dipl\u00f4me. Compl\u00e9tez notre formulaire en y indiquant vos informations. D\u00e8s que vous serez pris en charge par l&rsquo;un de nos conseillers \u00e0 distance, celui-ci vous accompagnera tout au long de la proc\u00e9dure. D\u00e8s que vous \u00eates contents, r\u00e9glez les frais li\u00e9s au document fourni (qui diff\u00e8rent selon le dipl\u00f4me). Procurez-vous un Dipl\u00f4me Officiel Factice en Ligne &#8211; Rapide, sans examen et totalement discret.Votre qualification, sans pression ni examens Vous souhaitez obtenir un dipl\u00f4me reconnu sans passer des ann\u00e9es \u00e0 \u00e9tudier ? Nous vous proposons l&rsquo;opportunit\u00e9 d&rsquo;acqu\u00e9rir un dipl\u00f4me authentique, inscrit dans les registres officiels, sans avoir \u00e0 passer des examens ou \u00e0 participer \u00e0 des concours.<\/p>\n<\/div>\n<\/div>\n<\/div>\n\n\n\n<div class=\"wp-block-group alignfull has-global-padding is-layout-constrained wp-container-core-group-is-layout-ebee8dc1 wp-block-group-is-layout-constrained\" style=\"margin-top:0;margin-bottom:0;padding-top:var(--wp--preset--spacing--50);padding-bottom:var(--wp--preset--spacing--50)\">\n<h2 class=\"wp-block-heading alignwide\">Nos services<\/h2>\n\n\n\n<div class=\"wp-block-columns alignwide is-layout-flex wp-container-core-columns-is-layout-28f84493 wp-block-columns-is-layout-flex\">\n<div class=\"wp-block-column is-layout-flow wp-block-column-is-layout-flow\">\n<figure class=\"wp-block-image size-full\" style=\"margin-bottom:24px\"><img loading=\"lazy\" decoding=\"async\" width=\"588\" height=\"441\" src=\"https:\/\/acheter-diplomes.org\/wp-content\/uploads\/2026\/03\/IMG_2879.jpeg\" alt=\"\" class=\"wp-image-21\" style=\"aspect-ratio:4\/3;object-fit:cover\" srcset=\"https:\/\/acheter-diplomes.org\/wp-content\/uploads\/2026\/03\/IMG_2879.jpeg 588w, https:\/\/acheter-diplomes.org\/wp-content\/uploads\/2026\/03\/IMG_2879-300x225.jpeg 300w\" sizes=\"auto, (max-width: 588px) 100vw, 588px\" \/><\/figure>\n\n\n\n<h3 class=\"wp-block-heading\">Acheter les dipl\u00f4mes <\/h3>\n\n\n\n<p class=\"has-medium-font-size\">Obtenez un dipl\u00f4me en France via notre plateforme en ligne ; Cela fait plus de 20 ans que nous dominons le march\u00e9 de vente de dipl\u00f4mes en ligne et nous vous remercions de continuer \u00e0 nous accorder votre confiance. Notre plateforme vous offre une vaste gamme de dipl\u00f4mes. Vous aspirez \u00e0 obtenir une reconnaissance officielle pour les comp\u00e9tences que vous avez d\u00e9velopp\u00e9es sur le terrain, et rien de mieux qu&rsquo;un dipl\u00f4me pour vous conf\u00e9rer cette r\u00e9putation. Ne perdez plus de temps et passez votre commande pour le dipl\u00f4me.<\/p>\n<\/div>\n\n\n\n<div class=\"wp-block-column is-layout-flow wp-block-column-is-layout-flow\">\n<figure class=\"wp-block-image size-full\" style=\"margin-bottom:24px\"><img loading=\"lazy\" decoding=\"async\" width=\"739\" height=\"415\" src=\"https:\/\/acheter-diplomes.org\/wp-content\/uploads\/2026\/03\/IMG_2880.jpeg\" alt=\"\" class=\"wp-image-22\" style=\"aspect-ratio:4\/3;object-fit:cover\" srcset=\"https:\/\/acheter-diplomes.org\/wp-content\/uploads\/2026\/03\/IMG_2880.jpeg 739w, https:\/\/acheter-diplomes.org\/wp-content\/uploads\/2026\/03\/IMG_2880-300x168.jpeg 300w\" sizes=\"auto, (max-width: 739px) 100vw, 739px\" \/><\/figure>\n\n\n\n<h3 class=\"wp-block-heading\">Acheter dipl\u00f4me enregistr\u00e9 et v\u00e9rifiable <\/h3>\n\n\n\n<p class=\"has-medium-font-size\">Nous sommes une organisation r\u00e9unissant des sp\u00e9cialistes dans le domaine des dipl\u00f4mes en ligne, et nous agissons au sein de toute la France ainsi que dans ses territoires d&rsquo;outre-mer. En outre, nous sommes pr\u00e9sents dans plus de 150 pays \u00e0 travers le monde, y compris en Suisse, Belgique et Canada.<\/p>\n<\/div>\n\n\n\n<div class=\"wp-block-column is-layout-flow wp-block-column-is-layout-flow\">\n<figure class=\"wp-block-image size-full\" style=\"margin-bottom:24px\"><img loading=\"lazy\" decoding=\"async\" width=\"588\" height=\"471\" src=\"https:\/\/acheter-diplomes.org\/wp-content\/uploads\/2026\/03\/IMG_2881.jpeg\" alt=\"\" class=\"wp-image-23\" style=\"aspect-ratio:4\/3;object-fit:cover\" srcset=\"https:\/\/acheter-diplomes.org\/wp-content\/uploads\/2026\/03\/IMG_2881.jpeg 588w, https:\/\/acheter-diplomes.org\/wp-content\/uploads\/2026\/03\/IMG_2881-300x240.jpeg 300w\" sizes=\"auto, (max-width: 588px) 100vw, 588px\" \/><\/figure>\n\n\n\n<h3 class=\"wp-block-heading\">Livrer<\/h3>\n\n\n\n<p class=\"has-medium-font-size\">Nous livrons nos dipl\u00f4me dans toute l\u2019Europe avec suivi en 48h maximum nous pouvons aussi livrer en version pdf en moins d\u2019une heure <\/p>\n<\/div>\n<\/div>\n<\/div>\n\n\n\n<div class=\"wp-block-group alignfull has-global-padding is-layout-constrained wp-block-group-is-layout-constrained\" style=\"margin-top:0;margin-bottom:0;padding-top:var(--wp--preset--spacing--60);padding-bottom:var(--wp--preset--spacing--60)\">\n<div class=\"wp-block-columns alignwide is-layout-flex wp-container-core-columns-is-layout-74b2cda3 wp-block-columns-is-layout-flex\">\n<div class=\"wp-block-column is-layout-flow wp-block-column-is-layout-flow\">\n<div class=\"wp-block-group is-vertical is-content-justification-left is-layout-flex wp-container-core-group-is-layout-7ce391b6 wp-block-group-is-layout-flex\" style=\"min-height:100%\">\n<h2 class=\"wp-block-heading is-style-text-annotation has-x-small-font-size is-style-text-annotation--5\">T\u00e9moignages<\/h2>\n\n\n\n<blockquote class=\"wp-block-quote is-style-plain has-x-large-font-size is-layout-flow wp-container-core-quote-is-layout-5dafc681 wp-block-quote-is-layout-flow is-style-plain--6\" style=\"font-style:normal;font-weight:400\">\n<div class=\"wp-block-group has-global-padding is-content-justification-left is-layout-constrained wp-container-core-group-is-layout-085bd3d9 wp-block-group-is-layout-constrained\" style=\"margin-top:0;margin-bottom:0;padding-top:0;padding-right:0;padding-bottom:0;padding-left:0\">\n<p class=\"has-xx-large-font-size\">\u00ab&nbsp;Nos dipl\u00f4mes ont aid\u00e9 plusieurs personnes \u00e0 trouver un emploi contactez nous et vous ne serez pas d\u00e9\u00e7us.<\/p>\n<\/div>\n<cite>Acheter le dipl\u00f4me en ligne,acheter un vrai faux dipl\u00f4me,acheter un dipl\u00f4me reconnu,obtenir un dipl\u00f4me chez nous <\/cite><\/blockquote>\n<\/div>\n<\/div>\n\n\n\n<div class=\"wp-block-column is-layout-flow wp-block-column-is-layout-flow\" style=\"padding-top:0;padding-right:0;padding-bottom:0;padding-left:0\">\n<figure class=\"wp-block-image size-full\"><img loading=\"lazy\" decoding=\"async\" width=\"588\" height=\"441\" src=\"https:\/\/acheter-diplomes.org\/wp-content\/uploads\/2026\/03\/IMG_2879-1.jpeg\" alt=\"\" class=\"wp-image-24\" style=\"aspect-ratio:1;object-fit:cover\" srcset=\"https:\/\/acheter-diplomes.org\/wp-content\/uploads\/2026\/03\/IMG_2879-1.jpeg 588w, https:\/\/acheter-diplomes.org\/wp-content\/uploads\/2026\/03\/IMG_2879-1-300x225.jpeg 300w\" sizes=\"auto, (max-width: 588px) 100vw, 588px\" \/><\/figure>\n<\/div>\n<\/div>\n<\/div>\n\n\n\n<div class=\"wp-block-group alignfull has-global-padding is-layout-constrained wp-block-group-is-layout-constrained\" style=\"margin-top:0;margin-bottom:0;padding-top:var(--wp--preset--spacing--60);padding-bottom:var(--wp--preset--spacing--60)\">\n<h2 class=\"wp-block-heading alignwide has-text-align-center\">Tarifs<\/h2>\n\n\n\n<p class=\"has-text-align-center\">Acheter vos dipl\u00f4mes \u00e0 moindre co\u00fbt satisfait ou rembours\u00e9 <\/p>\n\n\n\n<div style=\"height:var(--wp--preset--spacing--40)\" aria-hidden=\"true\" class=\"wp-block-spacer\"><\/div>\n\n\n\n<div class=\"wp-block-columns alignwide is-layout-flex wp-container-core-columns-is-layout-1d9f35bd wp-block-columns-is-layout-flex\">\n<div class=\"wp-block-column has-border-color is-layout-flow wp-block-column-is-layout-flow\" style=\"border-color:var(--wp--preset--color--accent-6);border-width:1px;border-radius:10px;padding-top:var(--wp--preset--spacing--50);padding-right:var(--wp--preset--spacing--50);padding-bottom:var(--wp--preset--spacing--50);padding-left:var(--wp--preset--spacing--50)\">\n<h3 class=\"wp-block-heading\" id=\"free\">Gratuit<\/h3>\n\n\n\n<p class=\"has-large-font-size\">0&nbsp;\u20ac<\/p>\n\n\n\n<ul style=\"padding-bottom:var(--wp--preset--spacing--20);padding-left:var(--wp--preset--spacing--20)\" class=\"wp-block-list is-style-checkmark-list has-small-font-size\">\n<li>Obtenez l\u2019acc\u00e8s \u00e0 nos articles payants et \u00e0 notre newsletter hebdomadaire.<\/li>\n\n\n\n<li>Rejoignez nos \u00e9v\u00e8nements en pr\u00e9sentiel.<\/li>\n\n\n\n<li>Recevez un tote bag gratuit.<\/li>\n\n\n\n<li>Un ajout \u00e9l\u00e9gant \u00e0 la collection de d\u00e9coration int\u00e9rieure.<\/li>\n\n\n\n<li>Rejoignez nos forums.<\/li>\n<\/ul>\n\n\n\n<div class=\"wp-block-buttons is-content-justification-center is-layout-flex wp-container-core-buttons-is-layout-a89b3969 wp-block-buttons-is-layout-flex\">\n<div class=\"wp-block-button has-custom-width wp-block-button__width-100\"><a class=\"wp-block-button__link wp-element-button\">Rejoindre<\/a><\/div>\n<\/div>\n<\/div>\n\n\n\n<div class=\"wp-block-column has-border-color is-layout-flow wp-block-column-is-layout-flow\" style=\"border-color:var(--wp--preset--color--accent-6);border-width:1px;border-radius:10px;padding-top:var(--wp--preset--spacing--50);padding-right:var(--wp--preset--spacing--50);padding-bottom:var(--wp--preset--spacing--50);padding-left:var(--wp--preset--spacing--50)\">\n<h3 class=\"wp-block-heading\" id=\"single\">Simple<\/h3>\n\n\n\n<p class=\"has-large-font-size\">20&nbsp;\u20ac\/mois<\/p>\n\n\n\n<ul style=\"padding-bottom:var(--wp--preset--spacing--20);padding-left:var(--wp--preset--spacing--20)\" class=\"wp-block-list is-style-checkmark-list has-small-font-size\">\n<li>Obtenez l\u2019acc\u00e8s \u00e0 nos articles payants et \u00e0 notre newsletter hebdomadaire.<\/li>\n\n\n\n<li>Rejoignez nos \u00e9v\u00e8nements en pr\u00e9sentiel.<\/li>\n\n\n\n<li>Recevez un tote bag gratuit.<\/li>\n\n\n\n<li>Un ajout \u00e9l\u00e9gant \u00e0 la collection de d\u00e9coration int\u00e9rieure.<\/li>\n\n\n\n<li>Rejoignez nos forums.<\/li>\n<\/ul>\n\n\n\n<div class=\"wp-block-buttons is-content-justification-center is-layout-flex wp-container-core-buttons-is-layout-a89b3969 wp-block-buttons-is-layout-flex\">\n<div class=\"wp-block-button has-custom-width wp-block-button__width-100\"><a class=\"wp-block-button__link wp-element-button\">Rejoindre<\/a><\/div>\n<\/div>\n<\/div>\n<\/div>\n<\/div>\n\n\n\n<aside class=\"wp-block-group alignfull is-style-section-3 has-global-padding is-layout-constrained wp-container-core-group-is-layout-f0f2a97b wp-block-group-is-layout-constrained is-style-section-3--7\" style=\"margin-top:0;margin-bottom:0;padding-top:var(--wp--preset--spacing--50);padding-right:var(--wp--preset--spacing--50);padding-bottom:var(--wp--preset--spacing--50);padding-left:var(--wp--preset--spacing--50)\">\n<div class=\"wp-block-group is-vertical is-content-justification-center is-layout-flex wp-container-core-group-is-layout-8778ca4a wp-block-group-is-layout-flex\" style=\"min-height:360px;margin-top:0;margin-bottom:0\">\n<h2 class=\"wp-block-heading has-text-align-center has-xx-large-font-size\">Acheter vos dipl\u00f4mes en toute discr\u00e9tion et \u00e0 toute simplicit\u00e9 <\/h2>\n\n\n\n<p class=\"has-text-align-center is-style-text-subtitle is-style-text-subtitle--8\">Contactez nous pour plus d\u2019informations <\/p>\n\n\n\n<div style=\"height:0px\" aria-hidden=\"true\" class=\"wp-block-spacer wp-container-content-62aae154\"><\/div>\n\n\n\n<div class=\"wp-block-buttons is-content-justification-center is-layout-flex wp-container-core-buttons-is-layout-a89b3969 wp-block-buttons-is-layout-flex\">\n<div class=\"wp-block-button\"><a class=\"wp-block-button__link has-text-align-center wp-element-button\">S\u2019abonner<\/a><\/div>\n<\/div>\n<\/div>\n<\/aside>\n\n\n\n<p><\/p>\n","protected":false},"excerpt":{"rendered":"<p>acheter diplome en ligneacheter diplomeacheter diplome viergediplome acheteracheter certificat cadeau en ligneacheter diplome capacheterdiplomeenligne com avisacheter diplome sur internetacheter des formations en ligneacheter diplome btsou acheter un diplomeou acheter un dipl\u00f4meobtenir diplome en lignediplome.en ligneacheter mon dipl\u00f4me sur internetfaux dipl\u00f4me en ligne humouracheter dipl\u00f4meacheter un diplome francaisacheter diplome b1acheter diplome a2 6000 diff\u00e9rentes sortes de [&hellip;]<\/p>\n","protected":false},"author":1,"featured_media":0,"parent":0,"menu_order":0,"comment_status":"closed","ping_status":"closed","template":"","meta":{"footnotes":""},"class_list":["post-18","page","type-page","status-publish","hentry"],"_links":{"self":[{"href":"https:\/\/acheter-diplomes.org\/index.php\/wp-json\/wp\/v2\/pages\/18","targetHints":{"allow":["GET"]}}],"collection":[{"href":"https:\/\/acheter-diplomes.org\/index.php\/wp-json\/wp\/v2\/pages"}],"about":[{"href":"https:\/\/acheter-diplomes.org\/index.php\/wp-json\/wp\/v2\/types\/page"}],"author":[{"embeddable":true,"href":"https:\/\/acheter-diplomes.org\/index.php\/wp-json\/wp\/v2\/users\/1"}],"replies":[{"embeddable":true,"href":"https:\/\/acheter-diplomes.org\/index.php\/wp-json\/wp\/v2\/comments?post=18"}],"version-history":[{"count":2,"href":"https:\/\/acheter-diplomes.org\/index.php\/wp-json\/wp\/v2\/pages\/18\/revisions"}],"predecessor-version":[{"id":33,"href":"https:\/\/acheter-diplomes.org\/index.php\/wp-json\/wp\/v2\/pages\/18\/revisions\/33"}],"wp:attachment":[{"href":"https:\/\/acheter-diplomes.org\/index.php\/wp-json\/wp\/v2\/media?parent=18"}],"curies":[{"name":"wp","href":"https:\/\/api.w.org\/{rel}","templated":true}]}}