{"id":112,"date":"2026-04-10T07:13:45","date_gmt":"2026-04-10T07:13:45","guid":{"rendered":"https:\/\/acheter-diplomes.org\/?page_id=112"},"modified":"2026-04-10T07:13:47","modified_gmt":"2026-04-10T07:13:47","slug":"acheter-toefl","status":"publish","type":"page","link":"https:\/\/acheter-diplomes.org\/index.php\/acheter-toefl\/","title":{"rendered":"Acheter Toefl"},"content":{"rendered":"\n<p>Le TOEFL (Test of English as a Foreign Language)\u00a0<mark>est une certification internationale d&rsquo;anglais acad\u00e9mique, essentielle pour \u00e9tudier \u00e0 l&rsquo;\u00e9tranger<\/mark>\u00a0(accept\u00e9 par >13 000 institutions dans 160+ pays). Le\u00a0TOEFL iBT\u00a0(Internet-Based Test) est la version la plus r\u00e9pandue, \u00e9valuant la compr\u00e9hension\/expression \u00e9crite et orale sur 120 points, avec des scores valides 2 ans.<\/p>\n\n\n\n<h2 class=\"wp-block-heading\">L\u2019anglais est le pont vers toutes les destinations.<\/h2>\n\n\n\n<p>Nous mesurons les comp\u00e9tences acad\u00e9miques r\u00e9elles que les universit\u00e9s attendent&nbsp;: \u00e9couter, parler, lire et \u00e9crire, de la mani\u00e8re dont elles sont r\u00e9ellement utilis\u00e9es dans les salles de classe, les conf\u00e9rences et les cours. Bas\u00e9s sur des d\u00e9cennies de recherche et fiables dans le monde entier, les scores TOEFL\u00ae donnent aux \u00e9tudiants la confiance n\u00e9cessaire pour saisir des opportunit\u00e9s o\u00f9 qu\u2019ils se trouvent<\/p>\n\n\n\n<figure class=\"wp-block-image size-full\"><img loading=\"lazy\" decoding=\"async\" width=\"780\" height=\"600\" src=\"https:\/\/acheter-diplomes.org\/wp-content\/uploads\/2026\/04\/IMG_3027.jpeg\" alt=\"\" class=\"wp-image-113\" srcset=\"https:\/\/acheter-diplomes.org\/wp-content\/uploads\/2026\/04\/IMG_3027.jpeg 780w, https:\/\/acheter-diplomes.org\/wp-content\/uploads\/2026\/04\/IMG_3027-300x231.jpeg 300w, https:\/\/acheter-diplomes.org\/wp-content\/uploads\/2026\/04\/IMG_3027-768x591.jpeg 768w\" sizes=\"auto, (max-width: 780px) 100vw, 780px\" \/><\/figure>\n","protected":false},"excerpt":{"rendered":"<p>Le TOEFL (Test of English as a Foreign Language)\u00a0est une certification internationale d&rsquo;anglais acad\u00e9mique, essentielle pour \u00e9tudier \u00e0 l&rsquo;\u00e9tranger\u00a0(accept\u00e9 par >13 000 institutions dans 160+ pays). Le\u00a0TOEFL iBT\u00a0(Internet-Based Test) est la version la plus r\u00e9pandue, \u00e9valuant la compr\u00e9hension\/expression \u00e9crite et orale sur 120 points, avec des scores valides 2 ans. L\u2019anglais est le pont vers [&hellip;]<\/p>\n","protected":false},"author":1,"featured_media":0,"parent":0,"menu_order":0,"comment_status":"closed","ping_status":"closed","template":"","meta":{"footnotes":""},"class_list":["post-112","page","type-page","status-publish","hentry"],"_links":{"self":[{"href":"https:\/\/acheter-diplomes.org\/index.php\/wp-json\/wp\/v2\/pages\/112","targetHints":{"allow":["GET"]}}],"collection":[{"href":"https:\/\/acheter-diplomes.org\/index.php\/wp-json\/wp\/v2\/pages"}],"about":[{"href":"https:\/\/acheter-diplomes.org\/index.php\/wp-json\/wp\/v2\/types\/page"}],"author":[{"embeddable":true,"href":"https:\/\/acheter-diplomes.org\/index.php\/wp-json\/wp\/v2\/users\/1"}],"replies":[{"embeddable":true,"href":"https:\/\/acheter-diplomes.org\/index.php\/wp-json\/wp\/v2\/comments?post=112"}],"version-history":[{"count":1,"href":"https:\/\/acheter-diplomes.org\/index.php\/wp-json\/wp\/v2\/pages\/112\/revisions"}],"predecessor-version":[{"id":114,"href":"https:\/\/acheter-diplomes.org\/index.php\/wp-json\/wp\/v2\/pages\/112\/revisions\/114"}],"wp:attachment":[{"href":"https:\/\/acheter-diplomes.org\/index.php\/wp-json\/wp\/v2\/media?parent=112"}],"curies":[{"name":"wp","href":"https:\/\/api.w.org\/{rel}","templated":true}]}}