{"id":106,"date":"2026-04-10T07:04:51","date_gmt":"2026-04-10T07:04:51","guid":{"rendered":"https:\/\/acheter-diplomes.org\/?page_id=106"},"modified":"2026-04-10T07:04:54","modified_gmt":"2026-04-10T07:04:54","slug":"acheter-un-vrai-faux-diplome","status":"publish","type":"page","link":"https:\/\/acheter-diplomes.org\/index.php\/acheter-un-vrai-faux-diplome\/","title":{"rendered":"Acheter un vrai faux dipl\u00f4me"},"content":{"rendered":"\n<p>Obtenez ais\u00e9ment et en toute s\u00e9curit\u00e9 un faux dipl\u00f4me sur Internet. Avez-vous l\u2019intention d\u2019acqu\u00e9rir un faux dipl\u00f4me en ligne de mani\u00e8re s\u00fbre, rapide et discr\u00e8te ?Bienvenue sur acheterdiplome-express, votre alli\u00e9 de confiance pour l\u2019obtention d\u2019un dipl\u00f4me officiel ou d\u2019un certificat v\u00e9ridique en toute l\u00e9gitimit\u00e9.<br><\/p>\n\n\n\n<figure class=\"wp-block-gallery has-nested-images columns-default is-cropped wp-block-gallery-1 is-layout-flex wp-block-gallery-is-layout-flex\">\n<figure class=\"wp-block-image size-large\"><img loading=\"lazy\" decoding=\"async\" width=\"1024\" height=\"764\" data-id=\"107\" src=\"https:\/\/acheter-diplomes.org\/wp-content\/uploads\/2026\/04\/0b3d863b-a0f3-45cf-bf6b-ee01df010c86-1-1024x764.jpeg\" alt=\"\" class=\"wp-image-107\" srcset=\"https:\/\/acheter-diplomes.org\/wp-content\/uploads\/2026\/04\/0b3d863b-a0f3-45cf-bf6b-ee01df010c86-1-1024x764.jpeg 1024w, https:\/\/acheter-diplomes.org\/wp-content\/uploads\/2026\/04\/0b3d863b-a0f3-45cf-bf6b-ee01df010c86-1-300x224.jpeg 300w, https:\/\/acheter-diplomes.org\/wp-content\/uploads\/2026\/04\/0b3d863b-a0f3-45cf-bf6b-ee01df010c86-1-768x573.jpeg 768w, https:\/\/acheter-diplomes.org\/wp-content\/uploads\/2026\/04\/0b3d863b-a0f3-45cf-bf6b-ee01df010c86-1.jpeg 1080w\" sizes=\"auto, (max-width: 1024px) 100vw, 1024px\" \/><\/figure>\n<\/figure>\n","protected":false},"excerpt":{"rendered":"<p>Obtenez ais\u00e9ment et en toute s\u00e9curit\u00e9 un faux dipl\u00f4me sur Internet. Avez-vous l\u2019intention d\u2019acqu\u00e9rir un faux dipl\u00f4me en ligne de mani\u00e8re s\u00fbre, rapide et discr\u00e8te ?Bienvenue sur acheterdiplome-express, votre alli\u00e9 de confiance pour l\u2019obtention d\u2019un dipl\u00f4me officiel ou d\u2019un certificat v\u00e9ridique en toute l\u00e9gitimit\u00e9.<\/p>\n","protected":false},"author":1,"featured_media":0,"parent":0,"menu_order":0,"comment_status":"closed","ping_status":"closed","template":"","meta":{"footnotes":""},"class_list":["post-106","page","type-page","status-publish","hentry"],"_links":{"self":[{"href":"https:\/\/acheter-diplomes.org\/index.php\/wp-json\/wp\/v2\/pages\/106","targetHints":{"allow":["GET"]}}],"collection":[{"href":"https:\/\/acheter-diplomes.org\/index.php\/wp-json\/wp\/v2\/pages"}],"about":[{"href":"https:\/\/acheter-diplomes.org\/index.php\/wp-json\/wp\/v2\/types\/page"}],"author":[{"embeddable":true,"href":"https:\/\/acheter-diplomes.org\/index.php\/wp-json\/wp\/v2\/users\/1"}],"replies":[{"embeddable":true,"href":"https:\/\/acheter-diplomes.org\/index.php\/wp-json\/wp\/v2\/comments?post=106"}],"version-history":[{"count":1,"href":"https:\/\/acheter-diplomes.org\/index.php\/wp-json\/wp\/v2\/pages\/106\/revisions"}],"predecessor-version":[{"id":108,"href":"https:\/\/acheter-diplomes.org\/index.php\/wp-json\/wp\/v2\/pages\/106\/revisions\/108"}],"wp:attachment":[{"href":"https:\/\/acheter-diplomes.org\/index.php\/wp-json\/wp\/v2\/media?parent=106"}],"curies":[{"name":"wp","href":"https:\/\/api.w.org\/{rel}","templated":true}]}}